actor of 682 and 62.
62
What is the greatest common factor of 17 and 697?
17
Calculate the highest common factor of 250 and 50.
50
Calculate the highest common divisor of 64519 and 7.
7
Calculate the highest common divisor of 19 and 2033.
19
Calculate the greatest common factor of 144 and 880.
16
Calculate the highest common divisor of 184 and 69.
23
Calculate the greatest common factor of 378 and 28.
14
Calculate the greatest common factor of 1 and 7.
1
What is the highest common divisor of 162 and 243?
81
Calculate the highest common factor of 14 and 203.
7
Calculate the highest common divisor of 12 and 87.
3
Calculate the greatest common divisor of 18 and 99.
9
What is the greatest common factor of 1 and 1?
1
What is the highest common factor of 84 and 12?
12
What is the highest common factor of 4050 and 50?
50
What is the highest common factor of 6 and 164?
2
What is the highest common factor of 2515 and 10?
5
What is the highest common divisor of 6 and 57?
3
What is the greatest common factor of 23375 and 187?
187
Calculate the highest common factor of 5771 and 29.
29
Calculate the highest common factor of 210 and 375.
15
What is the highest common divisor of 632 and 184?
8
Calculate the highest common factor of 6524 and 84.
28
What is the highest common factor of 2095 and 15?
5
What is the greatest common factor of 216 and 1782?
54
What is the highest common factor of 36 and 124?
4
Calculate the highest common divisor of 940 and 5405.
235
Calculate the highest common divisor of 68 and 1003.
17
Calculate the highest common factor of 15 and 12165.
15
What is the greatest common divisor of 520 and 60?
20
Calculate the greatest common factor of 621 and 54.
27
What is the highest common divisor of 60 and 168?
12
What is the highest common divisor of 53 and 4293?
53
Calculate the greatest common divisor of 290 and 464.
58
Calculate the greatest common factor of 290 and 10.
10
What is the greatest common divisor of 18 and 5910?
6
Calculate the greatest common factor of 28860 and 30.
30
What is the highest common divisor of 7 and 85?
1
Calculate the greatest common divisor of 33 and 1221.
33
Calculate the highest common factor of 266 and 28.
14
Calculate the highest common divisor of 103 and 309.
103
Calculate the greatest common divisor of 12117 and 21.
21
What is the highest common factor of 51 and 12?
3
What is the highest common factor of 707 and 7?
7
What is the greatest common divisor of 484 and 121?
121
What is the highest common factor of 1065 and 165?
15
What is the greatest common divisor of 162 and 36?
18
What is the greatest common factor of 2304 and 32?
32
What is the greatest common divisor of 1 and 76?
1
What is the greatest common divisor of 14 and 84?
14
Calculate the highest common factor of 77 and 363.
11
What is the highest common factor of 42 and 826?
14
What is the greatest common factor of 6320 and 80?
80
What is the greatest common factor of 23 and 34293?
23
What is the greatest common divisor of 43 and 731?
43
What is the greatest common factor of 400 and 2700?
100
Calculate the highest common divisor of 396 and 88.
44
What is the highest common divisor of 14 and 5026?
14
Calculate the greatest common divisor of 754 and 26.
26
What is the greatest common divisor of 14 and 574?
14
Calculate the greatest common divisor of 132 and 5632.
44
What is the highest common factor of 16 and 36?
4
Calculate the greatest common divisor of 33 and 99.
33
Calculate the highest common divisor of 125 and 95.
5
Calculate the highest common divisor of 24 and 3.
3
Calculate the greatest common divisor of 33 and 2057.
11
What is the greatest common factor of 29 and 232?
29
What is the highest common divisor of 13 and 767?
13
What is the greatest common factor of 115 and 155?
5
Calculate the highest common divisor of 536 and 40.
8
What is the highest common factor of 2976 and 288?
96
What is the highest common factor of 103 and 1?
1
What is the greatest common divisor of 221 and 39?
13
Calculate the highest common factor of 648 and 162.
162
Calculate the highest common divisor of 127 and 3175.
127
Calculate the highest common factor of 42 and 21.
21
What is the highest common factor of 238 and 442?
34
Calculate the greatest common divisor of 11 and 22.
11
Calculate the highest common factor of 18 and 2.
2
Calculate the highest common divisor of 2 and 1889.
1
What is the highest common factor of 144 and 2196?
36
Calculate the highest common divisor of 60 and 15.
15
Calculate the greatest common divisor of 10 and 6950.
10
Calculate the highest common divisor of 108 and 232.
4
What is the highest common factor of 3400 and 800?
200
Calculate the greatest common divisor of 210 and 180.
30
Calculate the highest common factor of 1633 and 46.
23
Calculate the highest common factor of 1054 and 1326.
34
Calculate the greatest common factor of 5029 and 47.
47
What is the greatest common factor of 210 and 6825?
105
What is the highest common divisor of 555 and 60?
15
Calculate the greatest common divisor of 2312 and 51.
17
Calculate the highest common factor of 370 and 10.
10
What is the greatest common factor of 1440 and 280?
40
Calculate the highest common factor of 79 and 9559.
79
What is the highest common factor of 646 and 34?
34
Calculate the highest common factor of 198 and 18.
18
Calculate the greatest common divisor of 2187 and 27.
27
What is the highest common divisor of 27193 and 142?
71
What is the highest common divisor of 264 and 2816?
88
Calculate the highest common divisor of 63 and 693.
63
Calculate the greatest common divisor of 294 and 54.
6
Calculate the greatest common divisor of 170 and 102.
34
What is the greatest common divisor of 2156 and 385?
77
What is the greatest common factor of 3 and 43?
1
Calculate the highest common factor of 2688 and 84.
84
What is the greatest common divisor of 364 and 84?
28
Calculate the highest common factor of 21 and 5559.
3
What is the highest common factor of 65 and 13?
13
What is the greatest common factor of 124 and 268?
4
What is the greatest common factor of 13 and 52?
13
Calculate the highest common factor of 27 and 18.
9
What is the highest common divisor of 180 and 585?
45
Calculate the greatest common factor of 776 and 2522.
194
What is the greatest common factor of 595 and 170?
85
What is the highest common factor of 5723 and 97?
97
What is the greatest common factor of 153 and 170?
17
Calculate the highest common factor of 80 and 9880.
40
Calculate the highest common factor of 83 and 4067.
83
Calculate the greatest common divisor of 539 and 11.
11
Calculate the highest common factor of 22 and 121.
11
What is the highest common divisor of 49 and 63?
7
What is the greatest common factor of 3178 and 56?
14
What is the greatest common factor of 550 and 1155?
55
Calculate the greatest common divisor of 240 and 180.
60
Calculate the greatest common divisor of 4278 and 6.
6
What is the greatest common factor of 11 and 913?
11
Calculate the greatest common divisor of 46 and 4.
2
What is the highest common factor of 9 and 537?
3
What is the highest common divisor of 324 and 24?
12
What is the highest common divisor of 38 and 2755?
19
What is the greatest common factor of 88 and 56?
8
What is the greatest common factor of 56 and 266?
14
Calculate the greatest common factor of 72 and 198.
18
What is the highest common factor of 275 and 15?
5
What is the greatest common factor of 42 and 18?
6
Calculate the highest common factor of 221 and 85.
17
Calculate the highest common factor of 182 and 26.
26
What is the greatest common factor of 72 and 792?
72
What is the highest common factor of 32 and 6272?
32
Calculate the highest common factor of 26 and 4.
2
Calculate the highest common divisor of 1015 and 560.
35
What is the greatest common factor of 230 and 805?
115
What is the greatest common factor of 51 and 159?
3
Calculate the greatest common divisor of 154 and 56.
14
What is the highest common factor of 14 and 1162?
14
What is the greatest common factor of 532 and 28?
28
Calculate the greatest common factor of 725 and 15.
5
Calculate the highest common factor of 84 and 812.
28
Calculate the highest common factor of 37170 and 354.
354
What is the greatest common factor of 312 and 481?
13
Calcula